{"id":33973,"date":"2024-10-11T13:57:56","date_gmt":"2024-10-11T10:57:56","guid":{"rendered":"https:\/\/mnlr.ro\/?page_id=33973"},"modified":"2026-02-05T20:32:48","modified_gmt":"2026-02-05T18:32:48","slug":"atelier-de-artist-margareta-sterian","status":"publish","type":"page","link":"https:\/\/mnlr.ro\/en\/case-memoriale\/atelier-de-artist-margareta-sterian\/","title":{"rendered":"Atelier de artist Margareta Sterian"},"content":{"rendered":"<p><strong><a href=\"https:\/\/mnlr.ro\/en\/tur\/margareta\/\"><img loading=\"lazy\" decoding=\"async\" class=\"alignnone size-full wp-image-11794\" src=\"https:\/\/mnlr.ro\/wp-content\/uploads\/2020\/03\/veziTurVirtual.png\" alt=\"\" width=\"220\" height=\"38\" \/><\/a><\/strong><\/p>\n<p>Schedule:<\/p>\n<p>Luni &#8211; \u00eenchis.<\/p>\n<p>Mar\u021bi &#8211; S\u00e2mb\u0103t\u0103:<\/p>\n<p>9:00 &#8211; 17:00 (1 noiembrie &#8211; 28 februarie)<\/p>\n<p>10:00 &#8211; 18:00 (1 martie &#8211; 31 octombrie)<\/p>\n<p>Tickets:<\/p>\n<p>30 lei\/zi\/vizitator \u2013 adul\u0163i<\/p>\n<p>15 lei\/zi\/vizitator \u2013 pensionari, elevi, studen\u0163i, militari, grupuri organizate, adul\u021bi cu handicap mediu \u0219i u\u0219or<\/p>\n<p>gratuit &#8211; copii &lt;7 , angaja\u021bii PMB \u0219i angaja\u0163ii re\u0163elei de muzee din Rom\u00e2nia, copii cu handicap, precum \u0219i persoana care \u00eei \u00eenso\u021beste, adul\u021bi cu handicap grav sau accentuat, precum \u0219i persoana care \u00eei \u00eenso\u021be\u0219te<\/p>\n<p>\u2022 Tax\u0103 ghidaj: 30 lei\/vizitator\/zi<\/p>\n<p>\u2022 Tax\u0103 filmare\/fotografiere profesionist\u0103 \u00een interiorul casei memoriale (tax\u0103 de filmare pentru TV, filme documentare \u0219i\/sau artistice realizate de speciali\u0219ti, solicit\u0103ri evenimente private) \u2013 100 lei\/mp\/or\u0103<\/p>\n<p>Filming\/photographing for commercial or documentary purposes of goods that are part of the mobile national cultural heritage, in the public ownership of the state, can only be carried out with the written consent of the holder of the right of administration (respectively the National Museum of Romanian Literature), based on contract and in compliance with Law no. 8\/1996 on copyright and related rights, with subsequent amendments and additions.<\/p>\n<p>\u2022 Tax\u0103 filmare\/fotografiere de c\u0103tre turi\u0219ti \u00een interiorul casei memoriale: 50 lei\/zi\/vizitator<\/p>\n<p>The ticket office closes at 16.30 or 17.30, depending on the schedule, and the last guided tour starts at 16.00 or 17.00.<\/p>\n<p>Accesoriile de dimensiuni mari, bagajele, umbrele, hainele groase vor fi preluate de supraveghetori, accesul cu ele \u00een camerele casei fiind strict interzis\u0103.\u00a0Accesul cu m\u00e2ncare \u0219i b\u0103utur\u0103 este strict interzis.<\/p>","protected":false},"excerpt":{"rendered":"<p>Program: Luni &#8211; \u00eenchis. Mar\u021bi &#8211; S\u00e2mb\u0103t\u0103: 9:00 &#8211; 17:00 (1 noiembrie &#8211; 28 februarie) 10:00 &#8211; 18:00 (1 martie&#8230;<\/p>","protected":false},"author":9,"featured_media":33986,"parent":87,"menu_order":0,"comment_status":"closed","ping_status":"closed","template":"template-casa-memoriala.php","meta":{"_exactmetrics_skip_tracking":false,"_exactmetrics_sitenote_active":false,"_exactmetrics_sitenote_note":"","_exactmetrics_sitenote_category":0,"footnotes":""},"class_list":["post-33973","page","type-page","status-publish","has-post-thumbnail","hentry"],"_links":{"self":[{"href":"https:\/\/mnlr.ro\/en\/wp-json\/wp\/v2\/pages\/33973","targetHints":{"allow":["GET"]}}],"collection":[{"href":"https:\/\/mnlr.ro\/en\/wp-json\/wp\/v2\/pages"}],"about":[{"href":"https:\/\/mnlr.ro\/en\/wp-json\/wp\/v2\/types\/page"}],"author":[{"embeddable":true,"href":"https:\/\/mnlr.ro\/en\/wp-json\/wp\/v2\/users\/9"}],"replies":[{"embeddable":true,"href":"https:\/\/mnlr.ro\/en\/wp-json\/wp\/v2\/comments?post=33973"}],"version-history":[{"count":9,"href":"https:\/\/mnlr.ro\/en\/wp-json\/wp\/v2\/pages\/33973\/revisions"}],"predecessor-version":[{"id":38450,"href":"https:\/\/mnlr.ro\/en\/wp-json\/wp\/v2\/pages\/33973\/revisions\/38450"}],"up":[{"embeddable":true,"href":"https:\/\/mnlr.ro\/en\/wp-json\/wp\/v2\/pages\/87"}],"wp:featuredmedia":[{"embeddable":true,"href":"https:\/\/mnlr.ro\/en\/wp-json\/wp\/v2\/media\/33986"}],"wp:attachment":[{"href":"https:\/\/mnlr.ro\/en\/wp-json\/wp\/v2\/media?parent=33973"}],"curies":[{"name":"wp","href":"https:\/\/api.w.org\/{rel}","templated":true}]}}

<p><strong><a href="https://mnlr.ro/en/tur/margareta/"><img loading="lazy" decoding="async" class="alignnone size-full wp-image-11794" src="https://mnlr.ro/wp-content/uploads/2020/03/veziTurVirtual.png" alt="" width="220" height="38" /></a></strong></p>
<p>Schedule:</p>
<p>Luni &#8211; închis.</p>
<p>Marți &#8211; Sâmbătă:</p>
<p>9:00 &#8211; 17:00 (1 noiembrie &#8211; 28 februarie)</p>
<p>10:00 &#8211; 18:00 (1 martie &#8211; 31 octombrie)</p>
<p>Tickets:</p>
<p>30 lei/zi/vizitator – adulţi</p>
<p>15 lei/zi/vizitator – pensionari, elevi, studenţi, militari, grupuri organizate, adulți cu handicap mediu și ușor</p>
<p>gratuit &#8211; copii &lt;7 , angajații PMB și angajaţii reţelei de muzee din România, copii cu handicap, precum și persoana care îi însoțeste, adulți cu handicap grav sau accentuat, precum și persoana care îi însoțește</p>
<p>• Taxă ghidaj: 30 lei/vizitator/zi</p>
<p>• Taxă filmare/fotografiere profesionistă în interiorul casei memoriale (taxă de filmare pentru TV, filme documentare și/sau artistice realizate de specialiști, solicitări evenimente private) – 100 lei/mp/oră</p>
<p>Filming/photographing for commercial or documentary purposes of goods that are part of the mobile national cultural heritage, in the public ownership of the state, can only be carried out with the written consent of the holder of the right of administration (respectively the National Museum of Romanian Literature), based on contract and in compliance with Law no. 8/1996 on copyright and related rights, with subsequent amendments and additions.</p>
<p>• Taxă filmare/fotografiere de către turiști în interiorul casei memoriale: 50 lei/zi/vizitator</p>
<p>The ticket office closes at 16.30 or 17.30, depending on the schedule, and the last guided tour starts at 16.00 or 17.00.</p>
<p>Accesoriile de dimensiuni mari, bagajele, umbrele, hainele groase vor fi preluate de supraveghetori, accesul cu ele în camerele casei fiind strict interzisă. Accesul cu mâncare și băutură este strict interzis.</p>

<p>Program: Luni &#8211; închis. Marți &#8211; Sâmbătă: 9:00 &#8211; 17:00 (1 noiembrie &#8211; 28 februarie) 10:00 &#8211; 18:00 (1 martie&#8230;</p>
